-39. What is the units digit of j?
0
Let j(d) be the first derivative of -2/3*d**3 - 1 - 1/2*d**4 + 0*d**2 + 2*d. What is the units digit of j(-2)?
0
Let q(w) = w**3 + 3*w**2 + 5 - 5*w - 5*w**2 + 4*w**2 + 2*w**2. What is the units digit of q(-5)?
5
Let k = 5 - 3. What is the units digit of -2 + 6 + (k - 1)?
5
Let o(g) = g. Suppose 10 = -5*l, 6*u + 3*l = 3*u - 12. Let a be o(u). What is the units digit of 1 - a - (0 - -2)?
1
Suppose -4*x + 3*p = -16, 4*x - p = -4*p + 16. Let d(i) = i - 6. Let c be d(8). Suppose 2*b - 57 = -5*z, c*b + x = 2*z - 16. What is the units digit of z?
1
Suppose 3*x = 15, x - 31 - 114 = -4*b. Suppose 3*u = 5*w + b, 0*w + 2*w - 2 = -2*u. Let d = 5 + w. What is the units digit of d?
1
Let h = 12 + -19. Let o = h - -8. What is the units digit of o?
1
Suppose 5*s + 4*n + 2614 = 0, -4*n - 4 = -0. What is the units digit of s/(-27) - (-2)/(-6)?
9
Let i be -4*3/(-6) + 1. Let n(t) = t**i + 0*t - 5*t - 3 + 3*t**2 + 0. What is the units digit of n(-4)?
1
Let g = 527 - 359. What is the hundreds digit of g?
1
Suppose -3*g = -8 - 1. Let j be 9/((-1 + 4)/g). Suppose j + 15 = 4*h. What is the units digit of h?
6
Let c(a) = a**3 - 3*a**2 + a - 2. Let l be c(-6). Let f be 1/(-3) + l/(-6). Suppose f = -2*t + 7*t. What is the units digit of t?
1
Suppose -k - 2*s + 3 = -12, -s - 3 = 0. What is the tens digit of k?
2
Let q(x) = x**3 - 3*x**2 - 4*x + 3. Let v be q(4). Suppose v*f - 2 = 1. Let u = 1 + f. What is the units digit of u?
2
Let w(q) = -q**3 + 10*q**2 + q + 4. What is the tens digit of w(10)?
1
Let n(a) = -1 + 2*a**3 - 2*a + 2*a**2 + 5 - a - 2. Let v be n(2). Suppose 0 = s + 3*s - v. What is the units digit of s?
5
Suppose 3*p - 117 = 294. What is the units digit of p?
7
Let t = -38 + 75. What is the units digit of t?
7
Let r be -1 + 1 + 10 - 0. Suppose -4*h + 22 + r = 0. Suppose 2*s - h = 5*j + 28, -4*s = -3*j - 44. What is the units digit of s?
8
Let i(k) be the third derivative of -k**5/60 - 3*k**4/8 - 4*k**3/3 + k**2. Suppose 4*n = -3*z - 26, -z - 4*n = -0*z + 14. What is the units digit of i(z)?
0
Suppose -2*y + 2*z + 110 = 0, 2*z - 307 = -5*y - z. What is the tens digit of y?
5
Let d = 26 - 16. Let i be 2/4 + 3/2. Suppose i*j - d = 10. What is the tens digit of j?
1
Let c = 6 + -11. Let b be (-14)/(-2 - 12/c). Let w = -16 - b. What is the units digit of w?
9
Suppose -5*v + 32 = -b, -39 = -5*v - 5*b + 11. What is the units digit of v?
7
Suppose x - 37 = -3*s, 5*s = 2*x - 3 - 115. What is the tens digit of x?
4
Suppose -c - 24 = -3*l - 172, 4*l = -5*c + 683. What is the hundreds digit of c?
1
Suppose -4*d = q - 3, 4*d + 8*q = 3*q - 17. What is the units digit of -1 + 10 + -2 + d?
9
Let a = -12 + 14. What is the units digit of -13*(-4)/8*a?
3
Suppose 0 = -3*h - 4*q + 35, -4*h + 4*q - 2*q = -32. Suppose 0 = -3*b + 30 - h. What is the units digit of b?
7
Let v(i) = i**2 - 12*i - 2. What is the hundreds digit of v(-8)?
1
What is the units digit of -1 + 8/4*152?
3
Suppose -57 = -h - 5*b, 5*b = -4*h - 0*h + 168. What is the units digit of h?
7
Suppose c = 4*z + 47, -2*z - 5 = -z. Suppose c = 3*m + 6. What is the units digit of m?
7
Let a(x) be the second derivative of 9*x**5/20 + x**4/12 - x**2/2 - 2*x. What is the units digit of a(1)?
9
Let i(b) = -9*b - 2 - 2*b - b**2 - 2 - 8. What is the units digit of i(-8)?
2
Suppose 5*k - 90 = 5*z, -k + 2 = -2*k + 5*z. What is the tens digit of k?
2
Let y(z) = 9*z**2 + z - 4*z**2 - z**3 + 3 - 3*z. Let p be (-8)/3*(-6)/4. What is the tens digit of y(p)?
1
Let c = 177 - 117. Suppose 6*o - c = o. What is the tens digit of o?
1
Suppose -3040 = 5*j - 5*b, 3*j + 3*b + 649 = -1157. Let u = j - -221. What is the tens digit of u/(-28) - (-2)/7?
1
Suppose 5*q - 1425 = -0*q - 5*z, 0 = -q - 3*z + 293. What is the tens digit of q?
8
Let g(v) = v**2 + 3*v - 20. What is the units digit of g(-8)?
0
Let l(g) = -5 - g + 1 + 3. Let o be l(-6). Suppose o*h = h + 24. What is the units digit of h?
6
Let s = -17 + 36. Suppose -4*f = s - 71. What is the units digit of f?
3
Suppose -5*p - 30 = -10*p. Let g be 6/4*16/p. Suppose -4*z - 2*s = -0*s - 14, -g*z + 2*s + 10 = 0. What is the units digit of z?
3
Let o(d) = -3*d - 36. What is the units digit of o(-18)?
8
Let t be (-2)/(-3)*(6 - 0). Let m(u) = u**2 - 5. What is the tens digit of m(t)?
1
Suppose -b + 5*z + 32 = z, 188 = 4*b + 4*z. What is the units digit of b?
4
Let v(g) = 3*g**3 + 0*g - 4*g**3 - g + 2 + 5*g**2. Let a be v(5). Let x = 12 + a. What is the units digit of x?
9
Suppose 4*q - 121 = 5*k, -4 = 2*k + 6. What is the tens digit of q?
2
Let v be (15 + -1)*6/(-12). Suppose 4*p + 3 + 9 = g, -4*p = 5*g + 36. Let l = g - v. What is the units digit of l?
3
Let z(v) = -v**2 - 6*v + 7. Let n be z(-7). Suppose -5*s + 10 = n, 4*s + s = y - 5. What is the units digit of y?
5
Let o be 1/((-6)/(-3) - 3). What is the units digit of o + 9 + 9/(-3)?
5
Let l(h) = h**2 + 5*h + 1. Let r = -2 + -1. Let j be l(r). What is the units digit of 0 + 0 + (j - -8)?
3
Suppose a - 10 = -a. Suppose -4*r = a*w + 9, 3*w + 2*r = 4*r - 1. What is the units digit of (-3 - -6) + (1 - w)?
5
Suppose 4*p = 5*z - 38, z + 4*p + 0 = -2. Suppose 5*s = z*s - 2. What is the units digit of s?
2
Let c(d) = -d**3 - 5*d**2 - 16*d + 3. What is the hundreds digit of c(-8)?
3
Let o(m) = -m**3 + 7*m**2 + 10*m - 12. Suppose -3*f + 40 = 2*f. What is the units digit of o(f)?
4
Suppose -y - 52 = -2*y. What is the units digit of y?
2
Let h = 8 - 5. Let s be 1/((-63)/(-15) - 4). Suppose -s*b + 3*b = -3*l + 5, -2*b = h*l - 13. What is the units digit of l?
3
Let w(g) be the first derivative of -1 - g - 9/2*g**2 - 1/3*g**3. What is the units digit of w(-6)?
7
Let k be (-18)/(-63) + 26/7. What is the units digit of k - -36 - 4 - 1?
5
Let b be -3*(-3)/18*-6. Let u = b - -8. Suppose 3*j = 5*i - 99, -2*i = -0*j + u*j - 21. What is the tens digit of i?
1
Suppose r + 79 = 5*f, 5*f - 77 = -0*r + 3*r. Let y = -3 + f. Suppose -4*j + 15 + y = 0. What is the units digit of j?
7
Suppose 4*a = 3*g - 1287, -2*g - 135 + 993 = -a. What is the units digit of g?
9
Let f(m) = m**3 - 9*m**2 + 2*m + 3. Let j be f(9). Let i = 64 - j. What is the units digit of i?
3
Suppose 3*h - 3 = 0, -4*m + 0*m + 17 = h. Suppose 5*d + 29 = m*p - 25, 3*d = p - 17. Let o = -6 + p. What is the units digit of o?
5
What is the tens digit of -28*(-14)/4 + -4?
9
Let k(d) = d**3 - 12*d**2 + 14*d + 14. What is the units digit of k(11)?
7
What is the units digit of (-6)/(-27) - 858/(-27)?
2
Let q be (1 - 0)*5 - -3. Suppose 2*r - r = 0. Suppose r*s = s - q. What is the units digit of s?
8
Let l(n) = -12*n - 12. What is the tens digit of l(-6)?
6
Let p(d) = d**2 + 4*d - 9. Suppose 13 - 1 = 2*k. What is the tens digit of p(k)?
5
Let l(j) = -2*j - 8. Suppose 2*h = h - 6. Let k be l(h). Suppose 23 = k*x + 3. What is the units digit of x?
5
Suppose -5*i + 356 = -469. What is the tens digit of i?
6
Suppose 44 = m + 5*i - 28, 2*m - 168 = -4*i. What is the units digit of m?
2
Let z(m) be the third derivative of -5*m**6/24 + m**2. What is the units digit of z(-1)?
5
Suppose 9 = 4*q - 7. Suppose -m = q*b - 14, 4*m - 6 = -5*b + 17. Suppose m*u + u = 57. What is the units digit of u?
9
Let s(l) = 3*l**2 - 14*l + 63. What is the hundreds digit of s(11)?
2
Suppose 3*d - 825 = -3*f, -69 = 5*d - 5*f - 1394. What is the units digit of d?
0
Suppose 40 = -4*b - 0*b - 4*n, 4*n = -3*b - 30. Let u(t) = -4*t - 11. What is the units digit of u(b)?
9
Let r = 121 + -62. What is the units digit of r?
9
Suppose 5*g - 215 = 690. What is the units digit of g?
1
Suppose 4*b - 199 + 59 = -4*r, -3*b - 2*r + 110 = 0. Suppose -b = -4*g - 16. What is the units digit of g?
6
Let j be (0 + (0 - 0))/1. Let h be 9/(-3 - j)*1. Let a(g) = -g - 2. What is the units digit of a(h)?
1
Suppose -3*j = -34 - 95. What is the units digit of j?
3
Let l = 4 + -2. Suppose -3*z + g = -0*g - 82, 0 = z + l*g - 18. What is the tens digit of z?
2
Suppose -4*j + 2*s = 7*s - 1422, 702 = 2*j - 2*s. What is the hundreds digit of j?
3
Let k(g) = g**3 - 5*g**2 - 5*g - 4. Let o be (54/14 + -3)*7. Let l be k(o). What is the units digit of (50/(-10))/(l/(-4))?
0
Suppose -1 = u - 5, 48 = -4*w + 4*u. Let b = 9 - w. Suppose 0 = -2*j + b - 7, -5*j + 10 = -5*m. What is the units digit of m?
3
Let z(g) = g**3 - g**2 + 8*g - 4. What i